Let a be b(c). Let q(l) = 2*l - 5. Give q(a).
7
Suppose 5*a + 5*b + 6 = -29, -3*b + 14 = -2*a. Let r(m) = m**3 + 8*m**2 + 3*m - 1. Calculate r(a).
27
Let j be 4 + 2 + -1 + 5. Let f be j + 3/((-21)/28). Let r(b) = 5 + 2 - b**2 - 4*b + 6*b + 2*b. What is r(f)?
-5
Let o(d) be the third derivative of d**6/120 - d**5/30 - d**4/12 + d**3/3 + 19*d**2. Determine o(2).
-2
Let r(q) = -8 - 10*q + 1228*q**2 - 646*q**2 - 583*q**2. Suppose f + 3 = -5. Calculate r(f).
8
Suppose -a + 13 = 34. Let g be (12/a)/((-1)/7). Let k(y) = 17 + 4*y - 6 - g - 6. Calculate k(1).
5
Let t(n) = -n**2 + 6*n + 2. Suppose -u - 4*b + 2*b = 40, 120 = -3*u + 5*b. Let z = -37 - u. Suppose 0 = z*v - 4*v - p + 8, -v = 2*p - 9. Determine t(v).
-5
Let j(m) = m + 1. Let w(v) = -v**2 - 11*v - 13. Let h be (24/(-9))/(8/12). Let k be h/8*(27 + -7). Let b be w(k). What is j(b)?
-2
Let s be (-2)/((-4)/6) + -2. Let z(o) = 2*o**2. Let n be z(s). Let m(i) be the second derivative of -i**5/10 + i**4/4 - i**3/3 - 42845*i. Determine m(n).
-8
Let d(m) = -63 - 9331*m + 4665*m + 4663*m. Calculate d(0).
-63
Let s = -70 + 74. Suppose -3*d - 29 = -s*z, z + 6 = -2*d - 6. Let a(p) = -2*p - 1. Determine a(d).
13
Let i(l) = -124*l - 637. Let g be i(-5). Let f(q) = q**3 + 16*q**2 - 18*q - 7. What is f(g)?
10
Let m = 22 + -17. Suppose 2*d - 3*j - 78 = -j, -125 = -3*d + m*j. Suppose -34*y = -d*y + 7. Let n(z) = z. Give n(y).
7
Let d be (-6 - -3)/(9*(-4)/(-180)). Let m(n) be the third derivative of -n**5/60 - 5*n**4/8 - n**3 + 3*n**2. What is m(d)?
-6
Let r(w) = -15*w**2 + w + 4. Let x = 4211 - 4213. Give r(x).
-58
Let y(d) be the third derivative of d**5/20 + 45*d**2. Calculate y(1).
3
Suppose -4 - 2 = -2*x. Let y = x - -5. Let v(o) be the second derivative of o**5/20 - 3*o**4/4 + 5*o**3/3 - 7*o**2/2 + 28681*o + 2. Give v(y).
9
Let q(f) = 18*f + 40. Let k be q(-2). Let g(d) = d + k*d**2 + 347 - 347 + 0*d**2. Determine g(1).
5
Let q(o) = -o**2 + 52. Let c = 7477 - 7484. What is q(c)?
3
Let w(i) = i + 3. Suppose 9*t = -2184 + 474. Let n = t + 172. What is w(n)?
-15
Suppose -2*b - 13 = -w - 19, -3 = -b - 3*w. Suppose -2*p - 4 = 2*j, 4*j - 4*p = 12 + 12. Let g(f) = 3*f**j - 4*f**2 - 2*f**2 + 4 + 2*f**2. Calculate g(b).
-5
Let x(f) = -f - 25. Suppose 4*g = 64 - 40. Suppose -g*m = -3*m - 12. Suppose -m*b + 12 + 4 = 2*k, -3*k + 4*b - 16 = 0. Calculate x(k).
-25
Let y(h) = 4*h**3 - 2*h**2 + 2*h**2 - 3*h**3 - h**2. Let l = -15 + 21. Suppose -8 + l = n. Determine y(n).
-12
Let j be (-2 + 3)/(5/25). Suppose -3*u = u - j*z - 596, 276 = 2*u + 3*z. Let b(v) = -140*v - v**2 + 2*v**2 + u*v + 3. Determine b(-2).
-1
Let q be (-6)/213 - 342/(-12141). Let b(s) = s**3 + 139. Determine b(q).
139
Let d(f) = -9*f + 1. Let h(v) = 2*v + 549 - 274 - 276 - 3*v. Let t(k) = k + 2. Let o be t(-8). Let j(q) = o*h(q) + d(q). What is j(7)?
-14
Let z(x) = -x + 2. Let l(d) be the second derivative of 4*d**3/3 - 27*d**2/2 - 4*d - 3. Let k(g) = -l(g) - 6*z(g). Give k(11).
-7
Let g(f) = -1213*f + 604*f - 128 + 637*f + f**2. Calculate g(4).
0
Let r(z) be the first derivative of z**4/4 + 3*z**3 + 8*z**2 + 8*z + 3084. What is r(-6)?
20
Let m(c) = c**2 - 8 - 9*c + 12*c + 4*c. Let x be 96/(-144)*21/2. Give m(x).
-8
Let y(c) = c - 19. Let q = -1518 - -1524. Give y(q).
-13
Let l = -5 + 8. Let q = 2509 - 2509. Let d(o) = q + 5*o + 679*o**2 - 684*o**2 - o**l - 3. Give d(-6).
3
Suppose 5*o = -3*n + 51, 0 = -3*o + 5*o - 2*n - 14. Let h = o - 6. Let i(r) = -4*r + 92*r**2 - 46*r**2 + 2 + r**3 - 46*r**2. Give i(h).
17
Let k = 26564 - 26558. Let a(j) = 20*j - 13. Let u(m) = 13*m - 9. Let d(n) = -5*a(n) + 8*u(n). Calculate d(k).
17
Let i(h) = -96*h - 578 + 107*h + 581. Calculate i(-6).
-63
Let s(o) = -3*o**3 + 14*o**2 + 26*o + 27. Let w(m) = -2*m**3 - m**2 - 2*m - 1. Let u(t) = s(t) - 2*w(t). Calculate u(-14).
1
Let h(p) be the third derivative of p**5/30 - p**4/24 + 7*p**3/6 - 3851*p**2. Give h(-4).
43
Let j(n) be the third derivative of 0 - 1/24*n**4 + 0*n + n**2 - 1/3*n**3. Suppose 8*k - 18 = 5*t - 95, 2*t + k = 14. Determine j(t).
-11
Let t(s) = -90*s + 311. Let l(q) = q - 65. Let j(n) = -6*l(n) - t(n). Calculate j(-1).
-5
Let c(m) be the third derivative of m**7/560 - m**6/720 + m**5/30 + 7*m**3/3 - 4*m**2 + 3. Let o(b) be the third derivative of c(b). Calculate o(2).
17
Suppose 0*p - 2 = p + 3*u, 0 = -p + 5*u - 18. Let j(c) = c**2 + 5*c - 11. Give j(p).
13
Let c = 36 - 6. Let q = -16 + c. Suppose -f + 4*k = -16, 3 = -2*f + k + q. Let d(n) = n**2 - 4*n. What is d(f)?
0
Let j be 21/6*(-6)/(-7). Suppose 3*q - 1749 = -4*d + 2*q, -5*q = -2*d + 891. Let n(m) = d*m**2 - 2*m - 438*m**2 - 3 + m**3. What is n(j)?
18
Let d(h) = -2*h + 3. Let n(k) be the third derivative of -k**4/8 + k**3 - 140*k**2. Let z(i) = 5*d(i) - 3*n(i). Give z(5).
-8
Suppose -68*o - 91*o = -187*o - 168. Let d(j) = 2*j**3 + 8*j**2 - 7*j - 14. Calculate d(o).
-116
Let k(s) = -s**3 - 2*s**2 - 6*s - 28. Let d be k(-3). Let u(t) = 170*t**2 - t. Give u(d).
171
Let o(z) = -3*z + 4. Let b(f) be the second derivative of f**3/6 + 7*f**2 + 5*f. Let i be b(-13). Let j be o(i). Let n(p) = 4*p. Determine n(j).
4
Let m be 92*(-2 + 10/4). Let s = m + -54. Let z(t) = t**3 + 9*t**2 + 9*t + 11. What is z(s)?
3
Let d = 38 - 10. Let g = 39 - d. Let p(n) = -7 + 8*n**3 + 2*n**3 + 3*n - g*n**3 - 4*n**2. Give p(-5).
3
Let b(p) = p**3 - 19*p**2 + 36*p - 34. Let k be b(17). Let d(w) = 4*w - 5. Let m(v) = 3*v - 5. Let n(h) = 2*d(h) - 3*m(h). Give n(k).
5
Let p(f) = f**2 - 8*f + 2. Let j be p(8). Let h(n) = n**2 + 6*n - 3*n - 2*n**2 + 5 + 2*n**j. Let l(u) = 17*u + 30. Let i be l(-2). Calculate h(i).
9
Let g(f) = 5*f**2 + 63*f - 13. Let o(n) = 9*n**2 + 123*n - 25. Let u(j) = 5*g(j) - 3*o(j). Calculate u(-27).
10
Let o = -19 - -59. Let u = o + -38. Let i(a) be the second derivative of -a**3/2 - a**2/2 - a - 9. Determine i(u).
-7
Suppose 6 + 17 = 4*k + w, 5*k - 5*w - 60 = 0. Let c be (4 - (2 + 1))*k. Let v(a) = -4*a**2 + a + 8*a**2 - c*a**2 + 1. What is v(-1)?
-3
Let b(z) = -6*z**2 - 2. Let j = 233 + -219. Suppose 5*v = -2*o + 24, -11*o + 10*o - 3*v + j = 0. What is b(o)?
-26
Suppose -8*o - 560 = -1856. Let y = o + -162. Let m(l) = l - 2. Give m(y).
-2
Suppose -270 = 9*z - 18. Let l(o) = o**2 + 27*o - 22. Calculate l(z).
6
Let s(p) = -3 - 5 + 5 - p. Let l(g) = -g**3 - 13*g**2 + 8*g - 69. Let w be l(-14). Let o be (w/(-25))/(2*(-2)/(-20)). Give s(o).
0
Let w be -970*((-126)/(-35))/(-9). Let f = w - 386. Let c(p) = p**2 - 1. Let m(l) = 5*l**2 - 2*l - 3. Let k(d) = -4*c(d) + m(d). Give k(f).
1
Let l = 3 - 0. Let g(n) be the second derivative of n**5/60 - n**4/12 + 2*n**3/3 + 21*n**2/2 + 11*n. Let v(s) be the first derivative of g(s). Calculate v(l).
7
Let u(z) = -z**3 - 3*z**2 + z - 7. Let d = 3207 + -3210. Calculate u(d).
-10
Let s(d) = d**2 - 19*d + 9. Let k(b) = 7*b**2 - 48*b + 19. Let h(q) = -2*k(q) + 5*s(q). Give h(-2).
-31
Let y(h) = -2*h + 6. Suppose -30*d = -36*d - 240. Let s be (-362)/(-8) - 3/12. Let o = d + s. Give y(o).
-4
Let h(x) be the second derivative of x**4/6 - 13*x**3/6 - 5*x**2/2 + 908*x. Determine h(8).
19
Let g(l) = -2*l - 24. Let b = -60 - -43. Let a be g(b). Let p(n) = 10*n - 7 - 19*n + a*n. Give p(5).
-2
Let w(t) = -t**3 - 32*t**2 + 558*t + 18251. Let k be w(-31). Let n(s) = s**2 - s + 8. Let y(r) = -2*r**2 - 7. Let d(a) = -3*n(a) - 2*y(a). Give d(k).
30
Let x(m) = m**3 - 26*m**2 - 22*m - 62. Let h = -7051 - -7078. What is x(h)?
73
Let q be -4*(4 + 2 - 45/18). Let r(w) be the first derivative of w**3/3 + 15*w**2/2 + 8*w + 8. Calculate r(q).
-6
Let v(k) = -5 - 9*k + 5*k + 8. Suppose -13*s = 520 + 1001. Let t = s + 120. What is v(t)?
-9
Suppose -3 = c, 5*a - c = -6*c. Let b(t) = -a + t - 4 + 1 - 6. Let h = 3030 - 3019. What is b(h)?
-1
Let w = -55 + 50. Let j(r) = r + 1. Let c(x) = 8*x + 5. Let t(b) = w*j(b) + c(b). What is t(8)?
24
Let u = -3 - -6. Let n(d) be the second derivative of -d**4/12 + d**3/3 - 3*d**2 - 244696*d. What is n(u)?
-9
Let z(v) = 2*v**2 - 23*v - 1. Let a(i) = 8*i**2 - 65*i - 3. Let k(r) = a(r) - 3*z(r). Determine k(-2).
0
Suppose 4*q - 12 = 4. Let y(x) be the first derivative of x**4/4 - 2*x**3/3 - 3*x**2/2 - 2*x - 5512. Determine y(q).
18
Let m(w) = -5 + 20*w + w**2 + 6 + 2. Suppose -30 = 3*k - 2*i, -5*k = -42*i + 41*i + 85. What is m(k)?
3
Let r = -257 - -260. Let s be r + 7 - 